be ((-10)/12)/((-1)/6). Calculate the remainder when 45 is divided by (-1)/5 + h/i.
9
Let s(r) = r**2 + r + 3. Let y be s(6). Let g = y + 33. Calculate the remainder when g is divided by 10.
8
Suppose -20*c + 30 = -19*c. What is the remainder when 40 is divided by c?
10
Let t be (-462)/11 - 3/1. Let a = 56 + t. What is the remainder when 38 is divided by a?
5
Suppose 5*j = -0*n + 3*n + 88, 4*n = 4*j - 72. Let t(o) = 3*o - 40. Calculate the remainder when 17 is divided by t(j).
6
Let k(i) = -i**3 - 32*i**2 + 2*i + 92. Let y = 25 + -15. What is the remainder when k(-32) is divided by y?
8
Let y(v) = v + 5. Let x be y(-8). Let l = x - -6. What is the remainder when 14 is divided by l?
2
Let o = -406 + 482. What is the remainder when o is divided by 22?
10
Let g(k) = 10*k - 3. Let f be (0 - 2/5)/(20/(-500)). Suppose -f = 6*r - 100. Calculate the remainder when g(3) is divided by r.
12
Let i be (-5)/(-2) - (-3)/(-6). Let s be (-3)/i*(-8)/(-12). Calculate the remainder when 11 is divided by (s/2)/((-5)/60).
5
Suppose -y = -3*t - 0*t + 42, 4*t - 56 = -3*y. What is the remainder when 2616/28 + -6 + (-6)/t is divided by 8?
7
Let v = 133 - 117. Let m = -48 + 88. Suppose 0 = -5*t - d + 105 + m, 87 = 3*t + 4*d. What is the remainder when t is divided by v?
13
Suppose -j - 5*f - 4 = 3, 2*j = 5*f + 16. Suppose 0*s - s - j*x + 10 = 0, -x = 5*s - 36. What is the remainder when 20 is divided by s?
6
Suppose -3674 = -39*t + 1825. Calculate the remainder when t is divided by 26.
11
Let n = 70 + -67. Suppose x - 67 = -4*g, -4*x + 9*x - 15 = 0. What is the remainder when g is divided by n?
1
Let b be (-3)/2*(-4)/(-6). Suppose 0 = 60*u - 6*u - 6*u - 3024. What is the remainder when u is divided by 1/b + (-28)/(-2)?
11
Suppose 0 = -3*l - 3*o - 18, 2*o + 4 = 3*o. Let f(d) = d**2 + 6*d - 23. Calculate the remainder when 135 is divided by f(l).
16
Suppose 29 = 4*t + 2*l - 45, -5*t - 3*l = -93. Calculate the remainder when 323 is divided by t.
17
Let s = -80 - -141. Let j = 67 - s. Calculate the remainder when 22 is divided by j.
4
Suppose -6*i + 572 = 5*i. Calculate the remainder when 131 is divided by i.
27
Suppose -6*k + 44 = -34. Calculate the remainder when k is divided by 7.
6
Suppose -4*c = 3*z - 5 - 8, 11 = 3*z + 2*c. Suppose -z*d + 5 = -34. Calculate the remainder when 19 is divided by d.
6
Let d = -465 + 662. Let k = -130 + d. What is the remainder when k is divided by 17?
16
Let q(k) = -15*k + 3 - 9 + 35*k. What is the remainder when q(5) is divided by 16?
14
What is the remainder when 228 is divided by (-4466)/(-35) + 11/(385/14)?
100
Suppose 2*l = -b + 24, -3*l - 2*l + 2*b = -69. Let w(u) = -23*u + 231. What is the remainder when w(9) is divided by l?
11
Suppose -79*g + 284 = -32. Calculate the remainder when (-92)/(-6) - 1/3 is divided by g.
3
Suppose 14*y = 10*y + 32. Let x = 116 - 61. Calculate the remainder when x is divided by y.
7
Suppose 13 = -0*f + f. Let o be (5 + -1)/(-1*2). Let w = o + f. Calculate the remainder when 30 is divided by w.
8
Let t = 25 + -21. Suppose 5*x - 4*c - 38 = -c, 4*x = -t*c + 56. Let g(i) = i**3 - i**2 + i. What is the remainder when x is divided by g(2)?
4
Let v be 5/((-5)/3) - 10. Let k = 18 + v. Let w = 2 + k. Calculate the remainder when 13 is divided by w.
6
Let t(f) = -f**3 - 2*f**2 - 5*f + 7. Let i be t(-3). Let s = 55 - i. Calculate the remainder when s is divided by ((-3)/(-6) - -2)*2.
4
Suppose -4*v = -249 - 183. Suppose -56 = -2*p - u, -3*u + v = -p + 5*p. Calculate the remainder when p is divided by 9.
3
Suppose -y = -4*a + 168, -3*a + 165 = 2*y + 39. Calculate the remainder when a is divided by 13.
3
Let c = 16 - 8. Suppose -2 = -5*z + 18. Suppose 5*y - y + 2*u = 52, -3*y = z*u - 34. Calculate the remainder when y is divided by c.
6
Let b(a) = 6*a**2 + 4*a + 23. What is the remainder when b(-3) is divided by 20?
5
Let n be (-575)/(-3) - (-3)/9. Suppose 2*x = 2*r + n, -2*x + 294 = x - r. What is the remainder when x is divided by 25?
24
Let i = 3 - -2. What is the remainder when 232 is divided by i?
2
Let m = 2596 - 2585. Calculate the remainder when 139 is divided by m.
7
Suppose -52 = 37*b - 39*b. What is the remainder when 89 is divided by b?
11
Calculate the remainder when (624/(-144))/(2/(-18)) is divided by 10.
9
Let s(a) = -a**3 + 8*a**2 + 6*a - 7. Let g be s(8). Suppose -553 = -16*b - g. Calculate the remainder when b is divided by 13.
6
Suppose -4*x - 4*k - 68 = 0, 4*k = -6*x + x - 83. Let r(w) = w**3 + 7*w**2 + 8*w + 11. What is the remainder when 5/(x/(-156)) + 1 is divided by r(-4)?
26
Let k(z) be the third derivative of z**6/120 - z**5/30 - 7*z**4/24 + 7*z**3/6 + 89*z**2. Suppose 2*d - 5 = d. What is the remainder when k(d) is divided by 16?
15
Let o be -2 + (-2 - -1 - 1). What is the remainder when (-282)/(-7) + o/14 is divided by (-10)/(-4)*13/(715/308)?
12
Let y = -10 - -62. Let c = y - 50. Suppose -2*w - w = 4*b - 14, 5*b + 2*w - 14 = 0. What is the remainder when b is divided by c?
0
Let y(r) = 89*r**2 - r - 1. Let x = -282 + 313. What is the remainder when y(-1) is divided by x?
27
Let w = -12 - -24. Suppose -9*l - 3 = -w*l. What is the remainder when 1 is divided by l?
0
Suppose 0 = 4*v + 5*v - 189. Let q(i) = -i**2. Let d(h) = h**3 - 9*h**2 - 2*h + 3. Let s(p) = -d(p) + 2*q(p). Calculate the remainder when v is divided by s(7).
10
Let i = 91 - 54. Suppose 38 = 10*q - 8*q. What is the remainder when i is divided by q?
18
Suppose 10*c - 2075 = -15*c. Calculate the remainder when c is divided by 12.
11
Let n(u) = -u**2 + 14*u + 55. Let y(p) = 19*p**2 - 1. Calculate the remainder when y(-1) is divided by n(17).
2
Let m(z) = 2*z**2 - 12*z + 88. What is the remainder when m(11) is divided by 68?
62
Suppose 4*u - 174 = 114. Calculate the remainder when u is divided by 33.
6
Let r(z) = -24*z. Calculate the remainder when 74 - (-4)/16*-24 is divided by r(-1).
20
Let o = 25 - 31. Calculate the remainder when 17 is divided by (-11 + 5)/(4/o).
8
Let a = 14 + -12. Let s(w) be the third derivative of -w**4/12 - 5*w**2. Calculate the remainder when s(-1) is divided by a.
0
Let l be (-87)/(-27) + (-4)/18. Suppose -l*p - 115 = -8*p. Calculate the remainder when p is divided by 4.
3
Let g(o) = o**2 - 4*o. Let v be g(6). Suppose -2*b - 3*p + 8 = 0, p = -6*b + 3*b + v. Suppose -z - 54 = -b*z. Calculate the remainder when 51 is divided by z.
15
Suppose -2 - 10 = -2*r. Suppose 3*x = 3*f - r*f + 57, x + 4*f - 34 = 0. Suppose 3*q = 0, 4*l = -3*q + 11 + 5. What is the remainder when x is divided by l?
2
Suppose -56*q + 2365 = -13*q. What is the remainder when 152 is divided by q?
42
Let f = -21 + 42. Let j = -558 + 609. What is the remainder when j is divided by f?
9
Let b = 29 + -29. Suppose -28 = -b*u - u. Calculate the remainder when 76 is divided by u.
20
Calculate the remainder when 307/7 + 30/210 is divided by 9.
8
Suppose a - 20 = -a. Let f be (5/(-10))/((-1)/a). Suppose 7 = -f*j + 202. What is the remainder when j is divided by 14?
11
Suppose 9*w = -10*w + 266. Calculate the remainder when (38/4)/(1/4) is divided by w.
10
Let h(k) = 6*k**2 - 7*k + 5. Let a be h(2). Calculate the remainder when 32 is divided by -39*((-35)/a + 2).
6
Let j(h) = -50*h - 528. Calculate the remainder when 30 is divided by j(-11).
8
Let o be 63 - ((-2)/(-10) - (-4)/5). Suppose 59*u - o*u = -42. Calculate the remainder when 82 is divided by u.
12
Let c(u) be the first derivative of -u**4/4 + 8*u**3/3 - 7*u**2/2 + 15*u + 1. Calculate the remainder when 28 is divided by c(7).
13
Suppose 0 = 2*w - r - 41, -6*w + 86 = -2*w + 2*r. Suppose h = -5*j + 197, 8*j = 3*j + h + 193. What is the remainder when j is divided by w?
18
Suppose 127 = g - f + 23, -3*g = f - 292. Let p = -46 + g. What is the remainder when p is divided by 11?
9
Let q(o) = o**2 + 22*o - 938. What is the remainder when 252 is divided by q(-44)?
12
Let h(p) = 2*p**3 - 2*p**2 + 4*p - 4. Suppose -8*x - 6 = -10*x. What is the remainder when h(x) is divided by 12?
8
Calculate the remainder when 180 - (7 - (3 - -6)) is divided by 47.
41
Let m(i) = -2*i**3 - 17*i**2 - 8*i + 14. Calculate the remainder when 67 is divided by m(-8).
11
What is the remainder when -12 + 8 + (84/1 - 0) is divided by 35?
10
Let h(v) = 3*v**2 - 13*v - 7. Let r be h(6). Let j = -51 + r. Let o = 44 + 